693
897 (base 10) to base 11
746
-54535 (base 6) to base 4
-1311323
Convert 1a47 (base 11) to base 2.
101000100000
Convert 3515 (base 7) to base 15.
5ab
Convert 1017 (base 10) to base 2.
1111111001
114430 (base 6) to base 2
10011101110010
23121031 (base 4) to base 5
2443134
-3ad (base 16) to base 9
-1255
498 (base 12) to base 8
1264
1625 (base 10) to base 14
841
What is 1103342 (base 6) in base 13?
1c193
What is -10113 (base 5) in base 10?
-658
Convert 32c5 (base 14) to base 7.
34435
What is 10001100111100 (base 2) in base 15?
2a15
Convert 6566 (base 10) to base 4.
1212212
What is 103153 (base 7) in base 6?
214551
What is 120 (base 3) in base 8?
17
Convert 10001011010011 (base 2) to base 3.
110020012
-87 (base 14) to base 16
-77
What is 1482c (base 14) in base 5?
3113000
-149d (base 15) to base 8
-10507
What is 7486 (base 10) in base 11?
5696
Convert 2671 (base 15) to base 7.
32632
13332 (base 5) to base 2
10001000100
What is 322343 (base 5) in base 2?
10101011011101
Convert 30201 (base 5) to base 8.
3606
Convert -650 (base 9) to base 13.
-31b
a84 (base 16) to base 12
1684
What is 211010 (base 4) in base 9?
3225
What is 1738 (base 9) in base 14?
6b1
-5463 (base 12) to base 10
-9291
2399 (base 12) to base 4
332211
Convert -13478 (base 10) to base 15.
-3ed8
What is -416 (base 7) in base 11?
-180
What is 4bd (base 15) in base 16?
436
Convert 405 (base 13) to base 14.
369
-4124 (base 5) to base 10
-539
What is -4133 (base 6) in base 12?
-649
-142152 (base 7) to base 10
-27183
Convert 1365 (base 10) to base 11.
1031
What is 3300 (base 5) in base 7?
1212
Convert 1111010001010 (base 2) to base 16.
1e8a
42301 (base 5) to base 12
1776
c3 (base 15) to base 12
133
What is 1112022001 (base 3) in base 5?
1430411
What is -b3 (base 13) in base 12?
-102
What is -10002202200 (base 3) in base 12?
-2b409
-13104 (base 7) to base 10
-3483
Convert 1311310 (base 5) to base 12.
12b46
Convert -15648 (base 11) to base 9.
-33246
What is 3340241 (base 5) in base 7?
333330
2503 (base 7) to base 11
77a
Convert 7403 (base 11) to base 7.
40404
Convert -3c7 (base 13) to base 9.
-824
Convert -474 (base 9) to base 13.
-241
What is 13687 (base 10) in base 9?
20687
Convert -1687 (base 9) to base 11.
-a77
What is -7789 (base 11) in base 5?
-312021
Convert -1010110100101011 (base 2) to base 4.
-22310223
Convert 2153 (base 7) to base 10.
773
Convert 2032 (base 6) to base 5.
3302
-123633 (base 7) to base 12
-11350
What is 101020021 (base 3) in base 10?
7459
What is -2962 (base 10) in base 6?
-21414
2335 (base 6) to base 2
1000110011
What is 2fd9 (base 16) in base 9?
17720
What is -13501 (base 10) in base 16?
-34bd
What is 3223020 (base 4) in base 12?
8860
What is -60 (base 7) in base 9?
-46
Convert -26a (base 13) to base 14.
-226
Convert -7aa (base 11) to base 14.
-4d1
-31199 (base 10) to base 13
-1127c
Convert a3c (base 15) to base 4.
210003
1000001011001 (base 2) to base 12
2509
What is -100110000 (base 2) in base 8?
-460
20c3 (base 13) to base 16
11c9
10000111001 (base 2) to base 12
761
Convert 477 (base 15) to base 4.
33310
Convert -35310 (base 7) to base 3.
-110110000
What is 413112 (base 6) in base 11?
22954
What is 561 (base 10) in base 7?
1431
1213211 (base 4) to base 7
25220
What is -23003 (base 6) in base 11?
-2489
31241 (base 5) to base 6
13331
Convert 695 (base 12) to base 10.
977
221 (base 3) to base 11
23
Convert -38b (base 12) to base 6.
-2255
What is -1331131 (base 4) in base 8?
-17535
-1377 (base 8) to base 7
-2144
Convert -214 (base 14) to base 12.
-2a2
What is 2320 (base 5) in base 11?
285
What is 706 (base 9) in base 16?
23d
-13444 (base 6) to base 15
-961
What is 2637 (base 14) in base 6?
51025
Convert -16 (base 9) to base 13.
-12
Convert 1333 (base 6) to base 3.
110210
Convert 1012210 (base 3) to base 14.
473
Convert -931 (base 13) to base 2.
-11000011001
Convert 111001101 (base 2) to base 8.
715
Convert 254 (base 6) to base 10.
106
-1db (base 16) to base 8
-733
What is -122 (base 15) in base 2?
-100000001
Convert 1143 (base 6) to base 2.
100010111
-2002 (base 4) to base 13
-a0
Convert 2415 (base 8) to base 12.
8b9
Convert -654 (base 8) to base 15.
-1d8
What is -154 (base 13) in base 8?
-356
-514 (base 16) to base 5
-20200
Convert -1103012 (base 4) to base 14.
-1d1c
What is 2a75a (base 12) in base 13?
21304
-793 (base 15) to base 3
-2100110
What is -1000011220 (base 3) in base 2?
-100110101100111
What is -1234 (base 5) in base 4?
-3002
-246 (base 10) to base 12
-186
What is 234141 (base 5) in base 14?
3235
What is -224 (base 6) in base 16?
-58
Convert -212000 (base 5) to base 13.
-3321
What is -23441 (base 5) in base 3?
-2101200
-2302 (base 13) to base 6
-34411
What is -8ca (base 14) in base 15?
-7b6
What is 4749 (base 12) in base 7?
32154
What is -200112 (base 3) in base 7?
-1313
Convert 4746 (base 8) to base 9.
3425
What is 13133 (base 7) in base 10?
3503
What is 111331 (base 4) in base 3?
1221001
Convert 8a1 (base 11) to base 7.
3101
-1bb0 (base 12) to base 14
-1380
-d33 (base 16) to base 9
-4564
Convert 23a (base 12) to base 5.
2314
2420 (base 11) to base 16
c60
What is 955 (base 10) in base 14?
4c3
-275 (base 11) to base 7
-642
What is 2022100 (base 3) in base 4?
122103
-11210 (base 3) to base 12
-a9
-1c49a (base 15) to base 4
-112200022
Convert 5b6c (base 13) to base 15.
3c74
Convert -50d (base 15) to base 9.
-1504
1001000100 (base 2) to base 11
488
-213 (base 11) to base 15
-121
Convert 205 (base 8) to base 12.
b1
What is 7542 (base 8) in base 14?
1614
Convert -1111101011 (base 3) to base 10.
-29434
Convert -32041 (base 5) to base 14.
-ad4
What is -2dc3 (base 14) in base 7?
-32633
Convert 182 (base 14) to base 9.
374
Convert -3aaa7 (base 11) to base 3.
-2222022220
2034002 (base 5) to base 11
232a0
-110011000010 (base 2) to base 8
-6302
What is 10000100111 (base 2) in base 7?
3046
What is -110001011 (base 2) in base 3?
-112122
-200201 (base 3) to base 14
-281
Convert -142 (base 14) to base 2.
-11111110
What is 10ba (base 15) in base 11?
2738
Convert 10101 (base 2) to base 9.
23
-2010 (base 4) to base 5
-1012
-14 (base 5) to base 6
-13
What is 100101111 (base 2) in base 3?
102020
What is -1a1 (base 13) in base 16?
-12c
Convert 2306 (base 9) to base 12.
ba3
What is -133140 (base 5) in base 6?
-41032
What is -24210 (base 5) in base 9?
-2425
Convert 1101211100 (base 3) to base 13.
c723
-20223310 (base 4) to base 10
-35572
3333211 (base 4) to base 2
11111111100101
121221 (base 3) to base 7
1222
20014 (base 6) to base 14
d3c
-14500 (base 10) to base 12
-8484
Convert -134 (base 9) to base 11.
-a2
-b04c (base 13) to base 4
-11322213
What is 77c (base 14) in base 9?
2026
744 (base 8) to base 11
400
-6b4 (base 14) to base 6
-10102
What is -1a2 (base 13) in base 4?
-10231
1638 (base 11) to base 16
832
-1100111100010 (base 2) to base 6
-50402
-22ab (base 12) to base 3
-12022112
Convert 261611 (base 7) to base 2.
1011111000011001
Convert 3100 (base 7) to base 6.
4554
What is 241655 (base 7) in base 16?
ab77
-200114 (base 5) to base 10
-6284
What is -43443 (base 6) in base 12?
-3583
What is 4988 (base 15) in base 9?
23422
1a9d4 (base 15) to base 4
111021013
Convert -23010 (base 9) to base 3.
-210000100
What is 895 (base 11) in base 10?
1072
Convert -10c19 (base 13) to base 16.
-7793
103 (base 16) to base 15
124
What is -1021110 (base 3) in base 13?
-567
-6348 (base 14) to base 8
-41334
Convert 1338 (base 16) to base 14.
1b16
What is -378 (base 15) in base 12?
-558
-10111001 (base 2) to base 6
-505
What is -ea7 (base 16) in base 11?
-2900
What is 66 (base 8) in base 4?
312
Convert -3384 (base 9) to base 6.
-15334
What is -300a (base 13) in base 14?
-2597
Convert -11405 (base 7) to base 15.
-d15
-10000010 (base 2) to base 4
-2002
What is 11170 (base 8) in base 4?
1021320
Convert 10110100011 (base 2) to base 11.
10a2
What is 886 (base 10) in base 3?
1012211
-386c (base 13) to base 11
-6043
Convert -1401 (base 8) to base 12.
-541
Convert -34021 (base 5) to base 14.
-c26
-13499 (base 10) to base 11
-a162
What is -1052 (base 7) in base 9?
-462
Convert -2078 (base 14) to base 16.
-15da
113323 (base 6) to base 15
2db3
What is -3795 (base 11) in base 5?
-124234
Convert 4898 (base 10) to base 5.
124043
-4527 (base 8) to base 6
-15023
What is 152a (base 12) in base 13?
118c
-